of o(z)?
3, 157
Let g be 57*(3 + 45/5). Let f = 1357 - g. List the prime factors of f.
673
Let q be (-76)/(-18) + 14/18 + -1. Let h = 12 + q. What are the prime factors of (4/h)/(2/328)?
41
What are the prime factors of -112*(-1706)/8 + 2/(-2)*4?
2, 3, 5, 199
Suppose -643*c + 24510410 = 61*c - 94*c. What are the prime factors of c?
23, 1747
Let d be ((-1128)/(-15))/(2/5). Let j(r) = r - 7. Let l be j(7). Suppose -4*a + l*f + d = 5*f, 3*f = a - 30. List the prime factors of a.
2, 3, 7
Let w be ((-8)/(-3))/(-4)*(-621)/6. Suppose w*l - 2045 = 64*l. List the prime factors of l.
409
Let a(w) be the second derivative of -w**5/20 + 11*w**4/4 + w**3/2 - 7*w**2 - 28*w - 3. What are the prime factors of a(32)?
2, 7, 79
Let f(x) = -x**3 - 15*x**2 + 16*x - 54. Let m be f(-17). Let y = m + -117. What are the prime factors of y?
3, 5
Let l(r) = r**2 + 39*r + 240. Let v be l(-8). Let a be ((-10)/(-2))/((-1)/(-17)). Let g = v + a. What are the prime factors of g?
7, 11
Let r = -225 - -227. Suppose -r*w - 31 = -161. What are the prime factors of w?
5, 13
Suppose 31*q + 16 = 35*q. Suppose -4*v - 3896 = -4*a, -a + q*v + 962 = 9*v. What are the prime factors of a?
2, 3
Suppose 0 = -5*l - 25, 20 = 4*k - l + 3. Suppose 996 = 3*i - 0*i + 3*h, k*i + 2*h - 996 = 0. Suppose i - 888 = -4*x. List the prime factors of x.
139
Suppose 0 = 6*g + 2*g - 1096. Suppose g = 9*k + 2. Suppose -2*v = v - k, -894 = -4*y - 2*v. List the prime factors of y.
13, 17
Suppose 5*r - r - 3*v = 52014, -5*v = -3*r + 39005. What are the prime factors of r?
3, 5, 17
Suppose 5087 - 104585 - 298362 = -76*u. List the prime factors of u.
3, 5, 349
Let c(y) = -8*y**3 - 1170*y**2 - 392*y - 27. List the prime factors of c(-146).
13, 19, 59
Let t(g) = -129*g**3 + g**2 + g + 5. Let r = -45 + 50. Let o(v) = 259*v**3 - 2*v**2 - v - 9. Let s(q) = r*t(q) + 3*o(q). What are the prime factors of s(1)?
131
Suppose 2*w - 15*w + 88896 + 601911 = 0. What are the prime factors of w?
3, 17713
Let m(n) = -5*n**2 + 3*n - 3. Let h(b) = -b**2. Let x(a) = 6*h(a) - m(a). Let j be x(-4). List the prime factors of 2/(-1) + j + 1*34.
31
Suppose -14*x = 3*x + 1343. List the prime factors of (-12 + 36/6)*x.
2, 3, 79
Suppose 54*y - 362381 + 25097 = 0. List the prime factors of y.
2, 3, 347
Suppose -3*z + z = -q - 3, 0 = -q + z. Let f(k) = -2 + 3*k + 5 + 52*k. List the prime factors of f(q).
2, 3, 7
Let h(t) be the second derivative of -23*t**3/6 + 59*t**2/2 - 2*t. Let s be h(-10). Let y = s - 37. What are the prime factors of y?
2, 3, 7
Let s = 58 - 53. Suppose q + 2054 = s*l, 5*l + q = l + 1636. Suppose 0 = y, -5*u - 2*y + l = -3*y. List the prime factors of u.
2, 41
Suppose -9*p + 761 - 644 = 0. Suppose 0 = -p*f + 404 + 19525. List the prime factors of f.
3, 7, 73
Let q = -38 + 66. Let h be (-2496)/(-14) + (4 - 120/q). What are the prime factors of 4 + -4 + h/2?
89
Let a(w) = 126*w - 1628. Let v be a(12). Let b(j) = -j**3 + 2*j + 4. Let n be b(7). Let l = v - n. What are the prime factors of l?
11, 19
Suppose -f - 32 + 36 = 0. Suppose -f*b + 4854 = -1774. List the prime factors of b.
1657
Suppose 93*z = -28*z + 614801. List the prime factors of z.
5081
Let b(v) = -881*v - 46. Let z be b(-14). List the prime factors of (8/2 + -1)/(144/z).
2
Suppose -5*x = -l + 10063, 7*l - 50288 = 2*l - 2*x. List the prime factors of l.
2, 47, 107
Suppose 3*m - 1 = 3*v - 4, -2*m - 5 = -3*v. List the prime factors of 4 + 184 - (2 + m).
2, 23
Let q(c) = -c**2 - 13*c + 219. Let l be q(-22). List the prime factors of 64/(-672) - (-33917)/l.
5, 17, 19
Let g = 10184 - 5520. List the prime factors of g.
2, 11, 53
Let f be ((-57)/(-9) + -3)*3. Suppose f*t = 12*t - 54. Let i = 81 + t. What are the prime factors of i?
2, 3
Suppose -46 = -5*p - l - 984, 382 = -2*p + 3*l. Let k(a) = 31*a**2 + 3*a + 3. Let v be k(3). Let t = p + v. List the prime factors of t.
103
Let b = 18 - -25. Let v be (-1482)/(-38)*(2 - 1). Suppose -504 = v*h - b*h. What are the prime factors of h?
2, 3, 7
Let a(t) = -119*t**2 - 12*t - 13. Let i(c) = -357*c**2 - 35*c - 39. Let p(g) = 8*a(g) - 3*i(g). What are the prime factors of p(-2)?
3, 157
Let f(r) = 291*r**3 + 4*r**2 + 18*r + 7. What are the prime factors of f(5)?
2, 41, 223
Let h = 248 + -243. Suppose -h*o + 779 + 1511 = 0. List the prime factors of o.
2, 229
What are the prime factors of ((-45816)/32 + -14)*8/(-2)?
5783
Let v be 1280 - (5 - 2)/((-3)/(-4)). Let m = v + -670. What are the prime factors of m?
2, 3, 101
Suppose -17*r + 4576 = -6*r. Let o = 656 - r. List the prime factors of o.
2, 3, 5
Let p(o) = -653*o - 838. What are the prime factors of p(-7)?
3733
Let k be 1/(-4*(-8)/27488). Let v = k - -532. List the prime factors of v.
13, 107
Suppose i = -14 + 7. Let x be -3 - (-22)/7 - 34/i. What are the prime factors of (-2)/x - (2 - (-488)/(-20))?
2, 11
Let k be (576/(-30) + 6)*(-85)/(-2). Let n = -99 - k. List the prime factors of n.
2, 3, 7, 11
Let p(y) = 35*y + 3. Let g be ((9/3)/(-4 - -5))/1. Suppose -3*h + 2*n = -11, g*n = -h + 5*h - 15. What are the prime factors of p(h)?
2, 3
Let v(f) be the first derivative of f**4/4 + 10*f**3/3 - f**2/2 - 8*f - 25. Let k be v(-6). What are the prime factors of k - 3*3*(-2)/(-6)?
139
What are the prime factors of (-207 + -6)*(-343)/21*3?
3, 7, 71
Let b(u) = -3*u**2 - 22*u - 16. Let r be b(-8). Let n = r + 38. List the prime factors of 4/14*(n - -211).
2, 31
Let d(o) = 9238*o**2 + 4*o + 1. List the prime factors of d(-1).
5, 1847
Let r be (5948 - -102)/((-2)/(-2 + 0)). Suppose 0 = 14*n + 8*n - r. List the prime factors of n.
5, 11
Let r be (-2 + (-20)/(-12))/(5/(-30)). Let l be (5 + -11)/6 + r. List the prime factors of 92 + (l - (-1 - -4) - 2).
2, 11
Let z = 147 + -163. List the prime factors of (-16)/((-352)/55)*z/(-5).
2
Let f(r) = 14*r**2 - 8*r + 2*r + 2*r + 3*r. Let j be f(-1). Suppose j = -7*l + 8*l. What are the prime factors of l?
3, 5
Let p(l) = 2*l. Let q be p(2). Let d be (-1 - 0)*5/(-5)*3. Suppose -q*k - 3*g + 6*g = -43, k = -d*g + 22. What are the prime factors of k?
13
Suppose -5*a + 5*d + 70 = 0, 4*a + 5*d + 4 = 60. Suppose -36 = a*w - 11*w. What are the prime factors of (w/(-14))/((-3)/(-315))?
2, 3, 5
List the prime factors of (-83815)/(-15) - (-12)/(-18)*3/(-6).
2, 11, 127
Let x(o) = o**3 + 10*o**2 - 2*o + 1552. Let u(g) = -20*g - 160. Let i be u(-8). What are the prime factors of x(i)?
2, 97
Let a be (-2)/(-2) - (1 - 3). Let l be 3 + (a + (-12)/4)/1. Suppose 4*g - l*g + 58 = r, 4*g + 287 = 5*r. What are the prime factors of r?
5, 11
Suppose 3*v - 44947 = -4*m, -13*v + 59961 = -9*v - m. List the prime factors of v.
13, 1153
Let w = -33320 + 49468. List the prime factors of w.
2, 11, 367
Suppose a - 2285 = -2*u + 12085, -7197 = -u - 2*a. What are the prime factors of u?
43, 167
Let f(b) = 2 + 2*b**2 - 3*b**2 + 8*b**3 - 2*b**2 - 5*b + b**2. Let v be f(-3). Let x = -135 - v. What are the prime factors of x?
2, 41
Suppose 12*f - 415 = 1949. List the prime factors of f + -8 + -2 + -2.
5, 37
Suppose 3266 = 4*d - 2*k, -5*d + 3*k - 4*k = -4079. Let r = 2262 - d. What are the prime factors of r?
2, 3, 241
Suppose -15*o = -65 - 25. Suppose o*n - 84 = 1914. What are the prime factors of n?
3, 37
Let k be 654/(-10) - (-2)/5. Let x(a) = -58*a + 1897. Let l be x(33). Let z = l - k. What are the prime factors of z?
2, 3
Let o(i) be the first derivative of -i**3/3 - i**2 + 407*i + 95. List the prime factors of o(0).
11, 37
Suppose 0 = -g - 4*o + 3985, -19*o = -4*g - 23*o + 15928. List the prime factors of g.
3, 1327
Suppose 53 = 2*h - 13. Let m = h + 30. Let a = 217 - m. List the prime factors of a.
2, 7, 11
Let t be -12*2/(-8) - (-1 + 4). Suppose 5*i + 3*q - 97 = t, 0 = -3*q - 4 + 1. Let n = -18 + i. What are the prime factors of n?
2
Let y be (0/4)/((-36)/6 + 4). Suppose 2*c - 165 - 1719 = y. What are the prime factors of c?
2, 3, 157
Suppose 0 = -2*b - 15*b + 340. Suppose 19*k = b*k - 437. List the prime factors of k.
19, 23
Let b(i) = -i - 5. Let m be b(-9). Suppose -y = 4*v - 224, -4*v = -7*y + m*y + 656. List the prime factors of y.
2, 5, 11
Suppose -q - 2*b + 37085 = 0, -3*q + 10*b - 7*b + 111291 = 0. What are the prime factors of q?
7, 757
Let f be (-2 + 5)/((-1)/(-1)). Suppose 488 = -f*m - 4*z, -4*z = -3*m - z - 516. Let j = m + 235. List the prime factors of j.
67
